{"id":192,"date":"2026-04-06T13:55:18","date_gmt":"2026-04-06T11:55:18","guid":{"rendered":"https:\/\/onodi.at\/?page_id=192"},"modified":"2026-04-06T19:30:58","modified_gmt":"2026-04-06T17:30:58","slug":"in-memoriam-orkeny-istvan-2021","status":"publish","type":"page","link":"https:\/\/onodi.at\/?page_id=192","title":{"rendered":"In memoriam \u00d6rk\u00e9ny Istv\u00e1n (2020)"},"content":{"rendered":"<div class=\"wp-block-image\">\n<figure class=\"aligncenter size-large is-resized\"><img loading=\"lazy\" decoding=\"async\" width=\"863\" height=\"1024\" src=\"https:\/\/onodi.at\/wp-content\/uploads\/2026\/04\/Screenshot-2026-04-06-at-13.51.02-863x1024.png\" alt=\"\" class=\"wp-image-194\" style=\"aspect-ratio:0.8427798292401774;width:201px;height:auto\" srcset=\"https:\/\/onodi.at\/wp-content\/uploads\/2026\/04\/Screenshot-2026-04-06-at-13.51.02-863x1024.png 863w, https:\/\/onodi.at\/wp-content\/uploads\/2026\/04\/Screenshot-2026-04-06-at-13.51.02-253x300.png 253w, https:\/\/onodi.at\/wp-content\/uploads\/2026\/04\/Screenshot-2026-04-06-at-13.51.02-768x911.png 768w, https:\/\/onodi.at\/wp-content\/uploads\/2026\/04\/Screenshot-2026-04-06-at-13.51.02.png 1160w\" sizes=\"auto, (max-width: 767px) 89vw, (max-width: 1000px) 54vw, (max-width: 1071px) 543px, 580px\" \/><\/figure>\n<\/div>\n\n\n<p class=\"has-text-align-center\">===<\/p>\n\n\n\n<p class=\"has-text-align-center\"><strong>Elcser\u00e9ln\u00e9m alig haszn\u00e1lt 19-es koronav\u00edrusomat hat\u00e9konyabbra, minden v\u00e1ltozat \u00e9rdekel eg\u00e9szen 666-ig<\/strong><\/p>\n\n\n\n<p class=\"has-text-align-center\">===<\/p>\n\n\n\n<p class=\"has-text-align-center\"><mark style=\"background-color:rgba(0, 0, 0, 0)\" class=\"has-inline-color has-luminous-vivid-amber-color\">&#8220;Covid&#8221;, mennyi?<\/mark><\/p>\n\n\n\n<p class=\"has-text-align-center\"><mark style=\"background-color:rgba(0, 0, 0, 0)\" class=\"has-inline-color has-luminous-vivid-orange-color\">2019!<\/mark><\/p>\n\n\n\n<p class=\"has-text-align-center\"><mark style=\"background-color:rgba(0, 0, 0, 0)\" class=\"has-inline-color has-luminous-vivid-amber-color\">Csak?<\/mark><\/p>\n\n\n\n<p class=\"has-text-align-center\"><mark style=\"background-color:rgba(0, 0, 0, 0)\" class=\"has-inline-color has-luminous-vivid-orange-color\">Most kedvezm\u00e9nyes. J\u00f6v\u0151re t\u00f6bb lesz. Ha lesz &#8211; j\u00f6v\u0151re!<\/mark><\/p>\n\n\n\n<p class=\"has-text-align-center\">===<\/p>\n","protected":false},"excerpt":{"rendered":"<p>=== Elcser\u00e9ln\u00e9m alig haszn\u00e1lt 19-es koronav\u00edrusomat hat\u00e9konyabbra, minden v\u00e1ltozat \u00e9rdekel eg\u00e9szen 666-ig === &#8220;Covid&#8221;, mennyi? 2019! Csak? Most kedvezm\u00e9nyes. J\u00f6v\u0151re t\u00f6bb lesz. Ha lesz &#8211; j\u00f6v\u0151re! ===<\/p>\n","protected":false},"author":1,"featured_media":0,"parent":0,"menu_order":0,"comment_status":"closed","ping_status":"closed","template":"","meta":{"footnotes":""},"class_list":["post-192","page","type-page","status-publish","hentry"],"_links":{"self":[{"href":"https:\/\/onodi.at\/index.php?rest_route=\/wp\/v2\/pages\/192","targetHints":{"allow":["GET"]}}],"collection":[{"href":"https:\/\/onodi.at\/index.php?rest_route=\/wp\/v2\/pages"}],"about":[{"href":"https:\/\/onodi.at\/index.php?rest_route=\/wp\/v2\/types\/page"}],"author":[{"embeddable":true,"href":"https:\/\/onodi.at\/index.php?rest_route=\/wp\/v2\/users\/1"}],"replies":[{"embeddable":true,"href":"https:\/\/onodi.at\/index.php?rest_route=%2Fwp%2Fv2%2Fcomments&post=192"}],"version-history":[{"count":0,"href":"https:\/\/onodi.at\/index.php?rest_route=\/wp\/v2\/pages\/192\/revisions"}],"wp:attachment":[{"href":"https:\/\/onodi.at\/index.php?rest_route=%2Fwp%2Fv2%2Fmedia&parent=192"}],"curies":[{"name":"wp","href":"https:\/\/api.w.org\/{rel}","templated":true}]}}