{"id":147,"date":"2026-04-05T09:34:53","date_gmt":"2026-04-05T07:34:53","guid":{"rendered":"https:\/\/onodi.at\/?page_id=147"},"modified":"2026-04-06T18:11:20","modified_gmt":"2026-04-06T16:11:20","slug":"das-grosse-los-2004","status":"publish","type":"page","link":"https:\/\/onodi.at\/?page_id=147","title":{"rendered":"Das grosse Los (2004)"},"content":{"rendered":"\n<p>(Eine Kom\u00f6die)<\/p>\n\n\n\n<p><strong>Personen<\/strong>:<\/p>\n\n\n\n<p><strong>MANAGER<\/strong>: <em>in mittleren Jahren, versucht leger und dynamisch zu wirken, ist aber  meistens  steif und verkrampft   <\/em> <\/p>\n\n\n\n<p><strong>STREBER<\/strong>:  <em>junger Mann, sehr formell<\/em><\/p>\n\n\n\n<p><strong>PECHVOGEL<\/strong>: <em> in mittleren Jahren, neigt dazu dick zu werden; etwas lahm<\/em><\/p>\n\n\n\n<p><strong>EDV-SPEZI<\/strong>: <em>karger Typ, wirkt hochn\u00e4sig und zynisch<\/em><\/p>\n\n\n\n<p><strong>SEKRET\u00c4RIN:<\/strong> <em>ziemlich jung, versucht durch ihre Figur zu wirken, aber mit wenig Erfolg<\/em><\/p>\n\n\n\n<p><strong>AGENT<\/strong>:  <em>kurz vor der Rente, wirkt abweisend<\/em><\/p>\n\n\n\n<p><strong>Erste Person,<\/strong> <strong>zweite Person<\/strong>, <strong>Stimmen<\/strong>, <strong>Leute<\/strong> von \u00fcberall<\/p>\n\n\n\n<p><\/p>\n\n\n\n<p><\/p>\n\n\n\n<ol class=\"wp-block-list\">\n<li>auf der Wiese<\/li>\n<\/ol>\n\n\n\n<p><em>Wiese mit ein paar Veranstaltungstischen. Transparente mit Aufschrift \u201eWir sind das beste Team\u201c bzw. \u201eWir sind spitze \u2013 wir wollen an die Spitze!\u201c&nbsp;<\/em><\/p>\n\n\n\n<p><strong>Manager<\/strong><\/p>\n\n\n\n<p><em>In T-Shirt \u2013 darauf steht vorne MANAGER ; hinten: WIR SIND VORNE<\/em><\/p>\n\n\n\n<p>Wir packen es, wir packen es! Wir sind das beste Team \u2026 hm \u2026<\/p>\n\n\n\n<p><em>Zeigt auf das Transparent<\/em><\/p>\n\n\n\n<p>Wir haben das beste Management \u2026 das beste von allen \u2026 Unsere Verkaufszahlen \u2026 wir m\u00fcssen unseren Verkauf um \u2026 um \u2026 um&nbsp;<\/p>\n\n\n\n<p><em>St\u00f6bert in seiner Tasche, sucht offensichtlich was, aber kann es nicht finden<\/em><\/p>\n\n\n\n<p>Schei\u2026&nbsp; Scheitern werden wir nie \u2026 jetzt hab ich\u2019s<\/p>\n\n\n\n<p><em>Hebt ein St\u00fcck Papier triumphierend in die H\u00f6he<\/em><\/p>\n\n\n\n<p>Um 50% erh\u00f6hen wir unseren Umsatz!<\/p>\n\n\n\n<p><em>Alle Gesichter schauen ihn an, aber sind ausdruckslos, eher teilnahmslos als interessiert.<\/em><\/p>\n\n\n\n<p>Fragen?<\/p>\n\n\n\n<p><strong>Streber<\/strong><\/p>\n\n\n\n<p>Ich bin ganz beeindruckt, wir haben das beste Management \u2026 aber \u2026<\/p>\n\n\n\n<p><em>Z\u00f6gernd und etwas leiser, fast f\u00fcr sich<\/em><\/p>\n\n\n\n<p>Wie?&nbsp;<\/p>\n\n\n\n<p><strong>Manager<\/strong><\/p>\n\n\n\n<p>Das ist&nbsp; ganz, ganz&nbsp; einfach und genial.&nbsp;<\/p>\n\n\n\n<p><em>Zieht ein St\u00fcck Karton aus der Tasche und hebt es hoch:&nbsp; EINFACH, GENIAL<\/em><\/p>\n\n\n\n<p>Und zwar<\/p>\n\n\n\n<p><em>Zieht weitere Kartons aus der Tasche und hebt<\/em> <em>triumphierend eins nach dem anderen: WIR SIEGEN &#8211; GLOBAL<\/em><\/p>\n\n\n\n<p>Wir denken ab sofort und ohne Gegenstimme global \u2026 wir arbeiten global \u2026wir reden&nbsp;<\/p>\n\n\n\n<p>global &#8230;&nbsp;<\/p>\n\n\n\n<p><strong>Streber<\/strong><\/p>\n\n\n\n<p>\u2026verstehen global<\/p>\n\n\n\n<p><strong>Pechvogel<\/strong><\/p>\n\n\n\n<p>Ich verstehe es nicht \u2013 ist das eine neue Mode?&nbsp; Oder eine Krankheit?&nbsp;<\/p>\n\n\n\n<p><strong>EDV-SPEZI<\/strong><\/p>\n\n\n\n<p>Nicht Krankheit \u2013 eine Krise, eine globale versteht sich.<\/p>\n\n\n\n<p><strong>Manager<\/strong><\/p>\n\n\n\n<p>Globaler Gewinn. Neue Zeiten, neue Methoden.&nbsp;<\/p>\n\n\n\n<p><strong>EDV-SPEZI<\/strong><\/p>\n\n\n\n<p>Das hei\u00dft? Sie outsourcen den Support nach Indien und \u00fcberlegen auf neue Software umzusteigen!? Auf das drei Buchstaben Paket sicherlich!?<\/p>\n\n\n\n<p><strong>Manager<\/strong><\/p>\n\n\n\n<p>Wir pr\u00fcfen, ob wir den Support nach Osten verlagern k\u00f6nnen und auch ob wir unsere Software, die schon drei Jahre alt ist,&nbsp; abl\u00f6sen k\u00f6nnen.<\/p>\n\n\n\n<p><strong>Pechvogel<\/strong><\/p>\n\n\n\n<p>Den Ton kenne ich gut \u2013 sagen Sie lieber, das ist bereits eine beschlossene Sache!<\/p>\n\n\n\n<p><strong>Manager<\/strong><\/p>\n\n\n\n<p>Wurde noch nicht unterschrieben \u2013 aber .. ja,&nbsp;<\/p>\n\n\n\n<p><em>z\u00f6gert etwas<\/em><\/p>\n\n\n\n<p>ziemlich beschlossen.<\/p>\n\n\n\n<p><strong>EDV-SPEZI<\/strong><\/p>\n\n\n\n<p>Und Sie feuern das beste, pardon, allerbeste Team!? Wann?<\/p>\n\n\n\n<p><strong>Pechvogel<\/strong><\/p>\n\n\n\n<p>Ich verstehe immer noch nicht, warum?&nbsp;<\/p>\n\n\n\n<p><strong>Manager<\/strong><\/p>\n\n\n\n<p>Hm .. das ist eine harte Entscheidung&#8230; und ich bin voller<\/p>\n\n\n\n<p><strong>EDV-SPEZI<\/strong><\/p>\n\n\n\n<p>Bullshit<\/p>\n\n\n\n<p><strong>Manager<\/strong><\/p>\n\n\n\n<p>Mitleid<\/p>\n\n\n\n<p><strong>Pechvogel<\/strong><\/p>\n\n\n\n<p>Dass ich nicht weine<\/p>\n\n\n\n<p><strong>Manager<\/strong><\/p>\n\n\n\n<p>Aber wir schlie\u00dfen die Abteilung n\u00e4chste&nbsp;<\/p>\n\n\n\n<p>Woche\u2026&nbsp;<\/p>\n\n\n\n<p><strong>EDV-SPEZI<\/strong><\/p>\n\n\n\n<p>Es wurde doch noch nicht unterschrieben?<\/p>\n\n\n\n<p><strong>Manager<\/strong><\/p>\n\n\n\n<p>Ich habe mittlerweile unterschrieben \u2026<\/p>\n\n\n\n<p><strong>Pechvogel<\/strong><\/p>\n\n\n\n<p>Das beste aller vorstellbaren Managements<\/p>\n\n\n\n<p><strong>EDV-SPEZI<\/strong><\/p>\n\n\n\n<p>Indeed.<\/p>\n\n\n\n<p><strong>Streber<\/strong><\/p>\n\n\n\n<p>Betrifft das mich auch?&nbsp;<\/p>\n\n\n\n<p><strong>Manager<\/strong><\/p>\n\n\n\n<p>Wir gehen nach sozialen Gesichtspunkten vor\u2026 leider betrifft diese Entscheidung Alle.<\/p>\n\n\n\n<p><strong>EDV-SPEZI<\/strong><\/p>\n\n\n\n<p>Alle bis auf Sie.<\/p>\n\n\n\n<p><strong>Manager<\/strong><\/p>\n\n\n\n<p>Wir haben f\u00fcr heute beendet\u2026 Ich meine die Diskussion. Ich will Taten sehen \u2013 aber sofort!<\/p>\n\n\n\n<p>Wir k\u00e4mpfen um den<\/p>\n\n\n\n<p><strong>EDV-SPEZI<\/strong><\/p>\n\n\n\n<p>Shit<\/p>\n\n\n\n<p><strong>Manager<\/strong><\/p>\n\n\n\n<p>Sieg<\/p>\n\n\n\n<p><em>Die Sekret\u00e4rin stellt die Mannschaft in einer Linie auf: Pechvogel, EDV -SPEZI, Streber, sie stellt sich neben sie<\/em><\/p>\n\n\n\n<p><strong>Sekret\u00e4rin<\/strong><\/p>\n\n\n\n<p>The best team.<\/p>\n\n\n\n<p><strong>Manager<\/strong><\/p>\n\n\n\n<p><em>Manager schreitet stolz vor den Leuten<\/em><\/p>\n\n\n\n<p>Yeah \u2026 Wir greifen an! Wir besiegen unsere Konkurrenz!&nbsp; Wir sind eine schlanke aber starke Truppe. Und wir haben noch Reserven!<\/p>\n\n\n\n<p><strong>Streber<\/strong><\/p>\n\n\n\n<p>Wir sind mobil und dynamisch und&nbsp;<\/p>\n\n\n\n<p><em>Jubelnd<\/em><\/p>\n\n\n\n<p>Jung \u2026 Jung \u2026 jung<\/p>\n\n\n\n<p><strong>Manager<\/strong><\/p>\n\n\n\n<p>Und bleiben f\u00fcr immer jung.<\/p>\n\n\n\n<p><strong>EDV-SPEZI<\/strong><\/p>\n\n\n\n<p>F\u00fcr immer\u2026 ja \u2026 bl\u00f6d!<\/p>\n\n\n\n<p><strong>Manager<\/strong><\/p>\n\n\n\n<p>Wir starten die Offensive. Wir greifen mit unseren besten Produkten an. Wer auf der Strecke liegen bleibt \u2026 ja \u2026&nbsp;<\/p>\n\n\n\n<p><em>Sucht mit der rechten Hand nach dem Herzen<\/em><\/p>\n\n\n\n<p>Wir haben auch ein Herz \u2026<\/p>\n\n\n\n<p><strong>EDV-SPEZI<\/strong><\/p>\n\n\n\n<p>Bin gar nicht so sicher.<\/p>\n\n\n\n<p><strong>Manager<\/strong><\/p>\n\n\n\n<p>Auch wenn uns das schmerzt, wir werden diejenigen zur\u00fccklassen &#8230; Aber ich bin froh, dass auch die keine Angst haben m\u00fcssen \u2026 die \u201eAgentur f\u00fcr Ahnungslose\u201c wird sich um sie k\u00fcmmern.&nbsp;<\/p>\n\n\n\n<p><strong>Streber<\/strong><\/p>\n\n\n\n<p>Ich bin ganz aufgeregt. Ein gro\u00dfartiger Tag. Ich kann es kaum fassen.<\/p>\n\n\n\n<p><strong>EDV-SPEZI<\/strong><\/p>\n\n\n\n<p>Da gibt\u2019s nichts zu fassen.&nbsp; Ich bin fassungslos.<\/p>\n\n\n\n<ol start=\"2\" class=\"wp-block-list\">\n<li>Offene Wiese vor einem Geb\u00e4ude &nbsp; &nbsp; &nbsp; &nbsp; &nbsp;<\/li>\n<\/ol>\n\n\n\n<p><em>Vorherige; alle marschieren dem Geb\u00e4ude zu als wenn sie es st\u00fcrmen wollten. Streber hat eine Fahne in der Hand, darauf steht SIEG &#8211; Sekret\u00e4rin hat ein Handy in der einen Hand, in der anderen eine Kaffeekanne; EDV-SPEZI klemmt ein Laptop unter den Arm, Streber zieht einen kleineren Karren \u2013 man kann nicht sehen was drin ist, weil eine Plane&nbsp; oben darauf liegt. Pechvogel h\u00e4lt einen Regenschirm \u00fcber dem Kopf.<\/em><\/p>\n\n\n\n<p><em>Es ist etwas nebelig, sie haben M\u00fche das Geb\u00e4ude im Auge zu behalten.&nbsp; &nbsp; &nbsp; &nbsp; &nbsp;<\/em><\/p>\n\n\n\n<p><strong>Pechvogel<\/strong><\/p>\n\n\n\n<p>Ich sorge f\u00fcr alle Eventualit\u00e4ten \u2026 dass ich nicht nass werde, wenn es regnet.<\/p>\n\n\n\n<p><strong>EDV-SPEZI<\/strong><\/p>\n\n\n\n<p>Setz lieber einen Sturzhelm auf den Kopf \u2013 es kann h\u00e4rter zugehen als nur mit Wasser.<\/p>\n\n\n\n<p><strong>Pechvogel<\/strong><\/p>\n\n\n\n<p>Ich habe wieder die falsche Wahl getroffen. &nbsp;<\/p>\n\n\n\n<p><strong>Streber<\/strong><\/p>\n\n\n\n<p>Ein gro\u00dfartiger Tag \u2026 wahrhaft gro\u00dfartig! Wir stehen vor einem Sieg \u2026 auf der Front der Arbeit!<\/p>\n\n\n\n<p><strong>Manager&nbsp; &nbsp;<\/strong><\/p>\n\n\n\n<p>Vorw\u00e4rts!&nbsp;<\/p>\n\n\n\n<p><em>Er schiebt einzeln Pechvogel und EDV-SPEZI nach vorne.<\/em><\/p>\n\n\n\n<p>Na los! Wir starten die Offensive!&nbsp;<\/p>\n\n\n\n<p><strong>Streber<\/strong><\/p>\n\n\n\n<p>Wir sind offensiv, wir sind das beste Team!&nbsp;<\/p>\n\n\n\n<p><em>Lallt einen alten&nbsp; Schlager vor sich hin. Vom Geb\u00e4ude her kann man immer lauter h\u00f6ren: \u201eWir sind das beste Team! Wir sind einfach Spitze! Wir schlagen die Halunken!\u201c<\/em><\/p>\n\n\n\n<p><strong>EDV-SPEZI<\/strong><\/p>\n\n\n\n<p>Die haben auf das gleiche Lied gestimmt.<\/p>\n\n\n\n<p><em>Inzwischen fliegen Eier entgegen. Pechvogel wird von einem Ei getroffen und f\u00e4llt auf den Boden. &nbsp;<\/em><\/p>\n\n\n\n<p><strong>Pechvogel<\/strong><\/p>\n\n\n\n<p>Ich wurde getroffen \u2026 bin \u2026 bin verletzt! Helft mir wieder auf die Beine \u2026 Kameraden!<\/p>\n\n\n\n<p><strong>Manager<\/strong><\/p>\n\n\n\n<p>Wir haben jetzt keine Zeit uns um Verletzungen zu k\u00fcmmern \u2026 Weiter!<\/p>\n\n\n\n<p><em>Pechvogel bleibt zur\u00fcck, die anderen ziehen weiter; Streber bleibt beim Vorbeiziehen ein Moment stehen, sch\u00fcttelt den Kopf, dann bedeckt er Pechvogel mit der Fahne<\/em><\/p>\n\n\n\n<p><strong>Streber<\/strong><\/p>\n\n\n\n<p>Mach\u2019s gut! Du verstehst ja, wir m\u00fcssen weiter!<\/p>\n\n\n\n<p><strong>Pechvogel<\/strong><\/p>\n\n\n\n<p><em>Versucht das Ei vom Gesicht abzuwischen<\/em><\/p>\n\n\n\n<p>Es stinkt!&nbsp; Hilfe \u2026 Hilfe \u2026Hilfe<\/p>\n\n\n\n<p><em>Die T\u00f6ne sind immer leiser und bald ist nichts mehr zu h\u00f6ren. Pechvogel nickt ein und schnarcht bald. Zwei Personen n\u00e4hern sich, sie tragen eine Bahre. Beide haben ein rotes Band um den Arm, darauf steht \u201eAfA\u201c<\/em><\/p>\n\n\n\n<p><strong>erste Person<\/strong><\/p>\n\n\n\n<p>Ich hab\u2019 was geh\u00f6rt \u2026<\/p>\n\n\n\n<p><strong>zweite Person<\/strong><\/p>\n\n\n\n<p>Was denn?&nbsp;<\/p>\n\n\n\n<p><strong>erste Person<\/strong><\/p>\n\n\n\n<p>Es atmet sich!<\/p>\n\n\n\n<p><strong>zweite Person<\/strong><\/p>\n\n\n\n<p>Idiot \u2026 es hei\u00dft er oder sie?<\/p>\n\n\n\n<p><strong>erste person<\/strong><\/p>\n\n\n\n<p>Das wei\u00df ich nicht&nbsp; \u2026&nbsp;<\/p>\n\n\n\n<p><em>Legt die Bahre ab und n\u00e4hert sich vorsichtig Pechvogel. Horcht, legt ein Ohr auf Pechvogel\u2019s Brust und winkt seinen Kameraden herbei.<\/em><\/p>\n\n\n\n<p>Lebt \u2026 ich habe nichts Gegenteiliges festgestellt, so w\u00fcrde ich sagen:&nbsp; ER<\/p>\n\n\n\n<p><strong>zweite person<\/strong><\/p>\n\n\n\n<p>Was er?<\/p>\n\n\n\n<p><strong>erste Person<\/strong><\/p>\n\n\n\n<p>Er atmet sich.&nbsp;<\/p>\n\n\n\n<p><strong>zweite Person<\/strong><\/p>\n\n\n\n<p>Wieder Arbeit!&nbsp; Gestern hatten wir schon jemanden aufsammeln m\u00fcssen, und heute wieder ein Fall.<\/p>\n\n\n\n<p><strong>erste Person<\/strong><\/p>\n\n\n\n<p>Tja, harte Zeiten.&nbsp; Wo gehobelt wird, fallen die Sp\u00e4ne!<\/p>\n\n\n\n<p><strong>zweite Person<\/strong><\/p>\n\n\n\n<p>Idiot! Das sagt man f\u00fcr andere F\u00e4lle! Hier wird nicht gehobelt, sondern gek\u00e4mpft! Wir sind mitten im Arbeitskampf!<\/p>\n\n\n\n<p><strong>erste Person<\/strong><\/p>\n\n\n\n<p>Auf dem Schlachtfeld!&nbsp;<\/p>\n\n\n\n<p><em>Zweite Person holt die Bahre.<\/em><\/p>\n\n\n\n<p><strong>zweite Person<\/strong><\/p>\n\n\n\n<p>Na, packen wir\u2019s!<\/p>\n\n\n\n<p><em>Sie legen Pechvogel auf die Bahre und gehen gem\u00fctlich zur\u00fcck woher sie gekommen sind. Da ist ein Zelt in Sicht, sie marschieren zu und legen die Bahre neben dem Zelt ab.<\/em><\/p>\n\n\n\n<p>Angekommen!<\/p>\n\n\n\n<p><strong>erste Person<\/strong><\/p>\n\n\n\n<p>Rechtzeitig \u2026 es ist Mittag&#8230; na, Mahlzeit!<\/p>\n\n\n\n<p><strong>zweite Person<\/strong><\/p>\n\n\n\n<p>Mahlzeit. Was machen wir mit ihm?&nbsp;<\/p>\n\n\n\n<p><em>Zeigt auf Pechvogel, der immer noch schl\u00e4ft.<\/em><\/p>\n\n\n\n<p><strong>erste Person<\/strong><\/p>\n\n\n\n<p>Er schl\u00e4ft. Es ist nicht unser Problem. Wir haben Mittagspause.&nbsp;<\/p>\n\n\n\n<p><strong>zweite Person<\/strong><\/p>\n\n\n\n<p>Unser Agent wird sich schon um ihn k\u00fcmmern.<\/p>\n\n\n\n<p><strong>erste Person<\/strong><\/p>\n\n\n\n<p>Sicherlich \u2026 irgendwann \u2026 aber das ist nicht unser Problem. Ihm passiert das Beste was nur passieren kann.<\/p>\n\n\n\n<p><strong>zweite Person<\/strong><\/p>\n\n\n\n<p>Er kann weiterschlafen.<\/p>\n\n\n\n<p><strong>erste Person<\/strong><\/p>\n\n\n\n<p>Nichts auszusetzen. Unser Agent macht gelegentlich auch ein Nickerchen.<\/p>\n\n\n\n<p><em>Beide gehen langsam.<\/em><\/p>\n\n\n\n<ol start=\"3\" class=\"wp-block-list\">\n<li>Zelt auf der Wiese<\/li>\n<\/ol>\n\n\n\n<p><em>Ein St\u00fcck Kartonpapier auf dem Boden aufgestellt: \u201eAfA\u201c darunter in Gro\u00dfbuchstaben \u201eAGENTUR f\u00fcr AHNUNGSLOSE\u201c&nbsp;<\/em><\/p>\n\n\n\n<p><em>Campingtisch mit Computer, eine Liege und zwei Klappst\u00fchle<\/em><\/p>\n\n\n\n<p><strong>Agent<\/strong><\/p>\n\n\n\n<p><em>Steckt den Kopf aus dem Zelt, sieht Pechvogel auf der Bahre, geht zu ihm und sch\u00fcttelt ihn<\/em><\/p>\n\n\n\n<p>He Sie \u2026 herein \u2026 schnell aber, ich habe keine Zeit.<\/p>\n\n\n\n<p><em>Geht zu seinem Tisch zur\u00fcck, vor ihm l\u00e4uft der Computer<\/em><\/p>\n\n\n\n<p><strong>Pechvogel<\/strong><\/p>\n\n\n\n<p><em>Reibt die Augen<\/em><\/p>\n\n\n\n<p>Ja sicher.. selbstverst\u00e4ndlich .. \u00fcbrigens Guten Morgen \u2026 Wo bin ich hier?<\/p>\n\n\n\n<p><strong>Agent<\/strong><\/p>\n\n\n\n<p><em>Schaut stur in den Computer<\/em><\/p>\n\n\n\n<p>Sie sind in guten H\u00e4nden. Da ist Platz \u2026&nbsp;<\/p>\n\n\n\n<p><strong>Pechvogel<\/strong><\/p>\n\n\n\n<p>Vielen Dank.&nbsp; Mein Name ist Pechvogel\u2026<\/p>\n\n\n\n<p><strong>Agent<\/strong><\/p>\n\n\n\n<p>Das wei\u00df ich \u2026<\/p>\n\n\n\n<p><strong>Pechvogel<\/strong><\/p>\n\n\n\n<p>Ich suche \u2026.<\/p>\n\n\n\n<p><strong>Agent<\/strong><\/p>\n\n\n\n<p>\u2026suchen Ihr Gl\u00fcck&#8230; Ich suche auch meins&#8230;<\/p>\n\n\n\n<p><strong>Pechvogel<\/strong><\/p>\n\n\n\n<p>Genau \u2026 wie gut Sie es sehen. Ich kann mich kaum erinnern \u2026 ich glaube, dass ich verletzt worden bin und \u2026<\/p>\n\n\n\n<p><strong>Agent<\/strong><\/p>\n\n\n\n<p>Machen Sie sich nur nicht falsche Hoffnungen. Es ist hier nicht das Fundb\u00fcro.<\/p>\n\n\n\n<p><strong>Pechvogel<\/strong><\/p>\n\n\n\n<p>Ich habe aber nichts verloren \u2026 ich bin nur verwundet worden \u2026 und es hie\u00df, ich soll keine Angst haben, ich werde hier bestens betreut.<\/p>\n\n\n\n<p><strong>Agent<\/strong><\/p>\n\n\n\n<p>Das wissen Sie noch nicht. Einige kapieren das auch nie, obwohl das allererste was sie hier verlieren, ist Zeit \u2026 dann folgen Selbstachtung, \u00dcberzeugung, Tatkraft und so weiter \u2026<\/p>\n\n\n\n<p><strong>Pechvogel<\/strong><\/p>\n\n\n\n<p>Sie sprechen wohl aus Selbsterfahrung. Hochachtung. Man begegnet selten einem, der wei\u00df, wovon er redet. \u00dcbrigens ich habe ein paar Papiere mitgebracht, die zeigen&nbsp;<\/p>\n\n\n\n<p><em>Er \u00fcberreicht sie w\u00e4hrend er spricht<\/em><\/p>\n\n\n\n<p>in welch einer aussichtslosen Situation ich stecke \u2026<\/p>\n\n\n\n<p><strong>Agent<\/strong><\/p>\n\n\n\n<p>Das stimmt alles, aber was wollen Sie von mir?<\/p>\n\n\n\n<p><strong>Pechvogel<\/strong><\/p>\n\n\n\n<p>Ich habe in den letzten Monaten hundertmal<\/p>\n\n\n\n<p><strong>Agent<\/strong><\/p>\n\n\n\n<p>Blo\u00df nicht \u00fcbertreiben, nicht \u00fcbertreiben! Was wollen Sie von mir?<\/p>\n\n\n\n<p><strong>Pechvogel<\/strong><\/p>\n\n\n\n<p>Gut, dann X-mal versucht<\/p>\n\n\n\n<p><strong>Agent<\/strong><\/p>\n\n\n\n<p>Was wollen Sie von mir?<\/p>\n\n\n\n<p><strong>Pechvogel<\/strong><\/p>\n\n\n\n<p>Das versuche ich gerade zu erkl\u00e4ren \u2013 ich habe X-mal versucht mich aufzurichten.<\/p>\n\n\n\n<p><strong>Agent<\/strong><\/p>\n\n\n\n<p>Das haben schon viel gr\u00f6\u00dfere als Sie versucht \u2013 schauen Sie nur unsere Regierenden an! Was wollen Sie von mir?<\/p>\n\n\n\n<p><strong>Pechvogel<\/strong><\/p>\n\n\n\n<p>Ja, tats\u00e4chlich, Sie haben wieder Recht damit,&nbsp;<\/p>\n\n\n\n<p>aber es geht mir um meine Situation. Und ich bin zu dem Punkt gelangt, dass ich Hilfe brauche.<\/p>\n\n\n\n<p><strong>Agent<\/strong><\/p>\n\n\n\n<p>Von wem denn? Von mir bestimmt nicht! Was wollen Sie eigentlich von mir? Von uns? Von der Agentur? Wir k\u00f6nnen keine Hilfe anbieten.&nbsp;<\/p>\n\n\n\n<p><strong>Pechvogel<\/strong><\/p>\n\n\n\n<p>Ich dachte \u2026<\/p>\n\n\n\n<p><strong>Agent<\/strong><\/p>\n\n\n\n<p>Sie denken viel zu viel \u2026 wir sind f\u00fcr Ahnungslose da.<\/p>\n\n\n\n<p><strong>Pechvogel<\/strong><\/p>\n\n\n\n<p>Sehe schon \u2026 aber trotzdem m\u00f6chte ich gern von Ihnen h\u00f6ren, was ich tun k\u00f6nnte \u2026 tut mir leid, dass ich nicht so ahnungslos bin, wie es w\u00fcnschenswert w\u00e4re, aber Sie kommen mir vor als der Mann, der gro\u00dfe Erfahrung in seinem&nbsp; Job gesammelt hat &#8230; in den vielen Jahren ..<\/p>\n\n\n\n<p><strong>Agent<\/strong><\/p>\n\n\n\n<p>Vierzig Jahre \u2026 Vierzig Jahre im Dienste der Ahnungslosen<\/p>\n\n\n\n<p><strong>Pechvogel<\/strong><\/p>\n\n\n\n<p>Beeindruckend! Was f\u00fcr eine Standhaftigkeit!&nbsp; Selbstloser Einsatz! Sie k\u00f6nnen mir bestimmt auch einige Ratschl\u00e4ge geben \u2013 oder?<\/p>\n\n\n\n<p><strong>Agent<\/strong><\/p>\n\n\n\n<p>Ich rate Ihnen, genauso weiterzumachen. Und&nbsp;<\/p>\n\n\n\n<p>wenn das nichts n\u00fctzt kommen Sie noch mal vorbei \u2026 in einem Jahr \u2026 dann bin ich zwar in Ruhestand, aber mein Nachfolger oder Nachfolgerin \u2013 vielleicht richtiger: Nachfolgerin oder Nachfolger zu sagen \u2013 allerdings Sie werden gut beraten, wenn es n\u00f6tig ist&#8230; aber wir hoffen immer noch, dass es nicht n\u00f6tig wird \u2026 die Probleme l\u00f6sen sich meistens von selber. Das glauben unsere Regierenden auch. Aber wie gesagt, ich habe keine Zeit mehr f\u00fcr Sie \u2026.<\/p>\n\n\n\n<p><em>Zeigt auf den Ausgang<\/em><\/p>\n\n\n\n<p>Hm\u2026<\/p>\n\n\n\n<p><strong>Pechvogel<\/strong><\/p>\n\n\n\n<p><em>Erhebt sich schwer, ziemlich in Verlegenheit, geht langsam zur \u00d6ffnung<\/em><\/p>\n\n\n\n<p>Na ja, ich kapiere schon etwas \u2026 was Sie gesagt haben \u2026 vom Verlust \u2026<\/p>\n\n\n\n<p><strong>Agent<\/strong><\/p>\n\n\n\n<p>Prima\u2026 sehen Sie, das hat schon was gebracht \u2026&nbsp;<\/p>\n\n\n\n<p><em>Agent schaut weiterhin stur in den Computer, Pechvogel schleppt sich m\u00fchsam&nbsp; durch die \u00d6ffnung des Zeltes<\/em><\/p>\n\n\n\n<ol start=\"4\" class=\"wp-block-list\">\n<li>Geb\u00e4ude<\/li>\n<\/ol>\n\n\n\n<p><em>Streber vorne, gefolgt vom Manager, Sekret\u00e4rin und EDV-Spezi. Sie treten ins Geb\u00e4ude ein. Es ist leer, sieht ziemlich verw\u00fcstet aus, als wenn Leute es in Eile verlassen h\u00e4tten und nur Unn\u00fctz und Dreck hinterlassen h\u00e4tten.<\/em><\/p>\n\n\n\n<p><strong>Manager<\/strong><\/p>\n\n\n\n<p>Ist da jemand? Hallo \u2026. Hallo \u2026Ich fordere Sie auf, aufzugeben! Wir sind st\u00e4rker \u2026&nbsp;<\/p>\n\n\n\n<p><em>Sucht in der Tasche und findet einen Karton, zieht ihn triumphierend aus der Tasche<\/em><\/p>\n\n\n\n<p>Wir sind das beste Team!<\/p>\n\n\n\n<p><em>Er h\u00e4lt das St\u00fcck Papier hoch und blickt triumphierend, ist aber schnell verunsichert<\/em><\/p>\n\n\n\n<p><strong>EDV-Spezi<\/strong><\/p>\n\n\n\n<p>Niemand ist da! Kein Publikum f\u00fcr solche \u00fcberzeugenden Texte!<\/p>\n\n\n\n<p><strong>Streber<\/strong><\/p>\n\n\n\n<p>Machen vielleicht Mittagspause.<\/p>\n\n\n\n<p><strong>Sekret\u00e4rin<\/strong><\/p>\n\n\n\n<p><em>Schaut auf die Uhr.<\/em><\/p>\n\n\n\n<p>Es ist drei Uhr. Unser bestes Team m\u00f6chte Kaffee oder Tee?<\/p>\n\n\n\n<p><strong>Streber<\/strong><\/p>\n\n\n\n<p>Oh ja \u2026 gute Idee. Und Kuchen?<\/p>\n\n\n\n<p><em>Schaut etwas verwirrt den Manager an<\/em><\/p>\n\n\n\n<p>Wir haben gesiegt, nicht wahr?<\/p>\n\n\n\n<p><strong>Manager<\/strong><\/p>\n\n\n\n<p><em>Stellt sich feierlich auf einen Stuhl, als wenn er eine Volksrede halten wollte. Hebt die Arme etwas und sagt langsam mit einem etwas verkrampften L\u00e4cheln<\/em><\/p>\n\n\n\n<p>Wir \u2026 haben \u2026<\/p>\n\n\n\n<p><strong>EDV-Spezi<\/strong><\/p>\n\n\n\n<p>Ein paar Scherben<\/p>\n\n\n\n<p><strong>Manager<\/strong><\/p>\n\n\n\n<p>Gewonnen. Wir sind die<\/p>\n\n\n\n<p><em>Zeigt auf den&nbsp; leeren Raum<\/em><\/p>\n\n\n\n<p>und&nbsp; die sind wir.<\/p>\n\n\n\n<p><strong>Streber<\/strong><\/p>\n\n\n\n<p>Ich verstehe nicht mehr \u2026 was sind wir?<\/p>\n\n\n\n<p><strong>Manager<\/strong><\/p>\n\n\n\n<p>Wir sind wieder vorne. Ein gro\u00dfartiger Tag.<\/p>\n\n\n\n<p><strong>EDV-Spezi<\/strong><\/p>\n\n\n\n<p>Es kommt nur darauf an, welchen Standpunkt wir annehmen.<\/p>\n\n\n\n<p><strong>Manager<\/strong><\/p>\n\n\n\n<p>Wir k\u00f6nnen jetzt mit unseren Organisationspl\u00e4nen fortfahren \u2026<\/p>\n\n\n\n<p><em>Etwas lauter<\/em><\/p>\n\n\n\n<p>m\u00f6chte&nbsp; diktieren!<\/p>\n\n\n\n<p><em>Sekret\u00e4rin stellt die Kaffeekanne rasch ab, zieht einen Notizblock und eilt vorbei, stellt sich neben den Manager<\/em><\/p>\n\n\n\n<p><strong>Streber<\/strong><\/p>\n\n\n\n<p>Schon wieder?<\/p>\n\n\n\n<p><strong>EDV-Spezi<\/strong><\/p>\n\n\n\n<p>Na klar.<\/p>\n\n\n\n<p><strong>Manager<\/strong><\/p>\n\n\n\n<p><em>Zieht eine gelbe Karte aus der Tasche und h\u00e4lt sie hoch wie ein Schiedsrichter<\/em><\/p>\n\n\n\n<p>Wir lagern aus \u2026<\/p>\n\n\n\n<p><strong>EDV-Spezi<\/strong><\/p>\n\n\n\n<p>Und ziehen nach Indien!<\/p>\n\n\n\n<p><strong>Manager<\/strong><\/p>\n\n\n\n<p>Nein! Sie bleiben hier! Die Arbeit geht nach Indien.<\/p>\n\n\n\n<p><strong>Streber<\/strong><\/p>\n\n\n\n<p>Es hie\u00df immer, alles sei so langsam, wie kann sie dann so einen langen Weg zur\u00fccklegen?<\/p>\n\n\n\n<p><strong>EDV-Spezi<\/strong><\/p>\n\n\n\n<p>Aber sicher \u2013 in Jahren.<\/p>\n\n\n\n<p><strong>Manager<\/strong><\/p>\n\n\n\n<p>Nein! Sofort!<\/p>\n\n\n\n<p><em>Wendet sich an die Sekret\u00e4rin<\/em><\/p>\n\n\n\n<p>Rufen Sie die neuen Kollegen in Indien an! Und dann \u2026<\/p>\n\n\n\n<p><em>Sucht in der Tasche und findet triumphierend eine Pfeife, hebt zum Mund und pfeift indem er eine rote Karte hochh\u00e4lt<\/em><\/p>\n\n\n\n<p>Sie alle m\u00fcssen das Spielfeld verlassen!<\/p>\n\n\n\n<p><em>Zeigt auf die offene T\u00fcr<\/em><\/p>\n\n\n\n<p><strong>Streber<\/strong><\/p>\n\n\n\n<p><em>Steht stumm mit gesenktem Kopf da, gibt unartikulierte Laute von sich<\/em><\/p>\n\n\n\n<p><strong>EDV-Spezi<\/strong><\/p>\n\n\n\n<p>Plattencrash<\/p>\n\n\n\n<p><em>Zeigt auf den Kopf<\/em><\/p>\n\n\n\n<p><strong>Sekret\u00e4rin<\/strong><\/p>\n\n\n\n<p><em>Legt den Notizblock auf den Boden<\/em><\/p>\n\n\n\n<p>Na, kommt Jungs, da ist nichts zu machen.<\/p>\n\n\n\n<p><em>Sie geht Richtung T\u00fcr, EDV-Spezi folgt ihr und Streber beginnt schlie\u00dflich auch&nbsp; zu gehen. Alle drei verlassen langsam den Raum.<\/em><\/p>\n\n\n\n<p><strong>Manager<\/strong><\/p>\n\n\n\n<p>Wir haben es geschafft!<\/p>\n\n\n\n<p><em>Hebt die Arme und macht eine Faust<\/em><\/p>\n\n\n\n<p>Wir sind vorne \u2026. Ganz vorne.<\/p>\n\n\n\n<p><em>Dreht sich um die eigene Achse<\/em><\/p>\n\n\n\n<p>\u00dcberall vorne \u2026 oh .. mir wird schwindlig.<\/p>\n\n\n\n<ol start=\"5\" class=\"wp-block-list\">\n<li>Offene Wiese<\/li>\n<\/ol>\n\n\n\n<p><em>Sekret\u00e4rin, EDV-Spezi und Streber marschieren wortlos hintereinander. Sie kommen an dem AfA-Zelt vorbei, vor dem Zelt schl\u00e4ft Pechvogel auf einer Bahre.&nbsp;<\/em><\/p>\n\n\n\n<p><strong>Sekret\u00e4rin&nbsp;<\/strong><\/p>\n\n\n\n<p><strong>EDV-Spezi&nbsp;<\/strong><\/p>\n\n\n\n<p><strong>Streber<\/strong><\/p>\n\n\n\n<p><em>Rufen im Chor<\/em><\/p>\n\n\n\n<p>Schlaf&nbsp; sch\u00f6n!<\/p>\n\n\n\n<p><em>Es kommen aus allen Richtungen Menschen und gesellen sich wortlos zu den Drei. Es ist weiterhin ziemlich nebelig. Eine Taschenlampe leuchtet in der Ferne auf.<\/em><\/p>\n\n\n\n<p><strong>Eine Stimme<\/strong><\/p>\n\n\n\n<p>Ein Schimmer!<\/p>\n\n\n\n<p><strong>Andere Stimme<\/strong><\/p>\n\n\n\n<p>Hoffnung!<\/p>\n\n\n\n<p><strong>EDV-Spezi<\/strong><\/p>\n\n\n\n<p>UFO!<\/p>\n\n\n\n<p><em>Sie alle bleiben stehen. Einige fangen an zu singen, immer mehr folgen nach und nach<\/em><\/p>\n\n\n\n<p>Fuchs du hast die Gans gestohlen, gib sie wieder her \u2026. (usw.)<\/p>\n\n\n\n<p><strong>Ende<\/strong><\/p>\n","protected":false},"excerpt":{"rendered":"<p>(Eine Kom\u00f6die) Personen: MANAGER: in mittleren Jahren, versucht leger und dynamisch zu wirken, ist aber meistens steif und verkrampft STREBER: junger Mann, sehr formell PECHVOGEL: in mittleren Jahren, neigt dazu dick zu werden; etwas lahm EDV-SPEZI: karger Typ, wirkt hochn\u00e4sig und zynisch SEKRET\u00c4RIN: ziemlich jung, versucht durch ihre Figur zu wirken, aber mit wenig Erfolg &hellip; <\/p>\n<p class=\"link-more\"><a href=\"https:\/\/onodi.at\/?page_id=147\" class=\"more-link\">Continue reading<span class=\"screen-reader-text\"> &#8220;Das grosse Los (2004)&#8221;<\/span><\/a><\/p>\n","protected":false},"author":1,"featured_media":0,"parent":0,"menu_order":0,"comment_status":"closed","ping_status":"closed","template":"","meta":{"footnotes":""},"class_list":["post-147","page","type-page","status-publish","hentry"],"_links":{"self":[{"href":"https:\/\/onodi.at\/index.php?rest_route=\/wp\/v2\/pages\/147","targetHints":{"allow":["GET"]}}],"collection":[{"href":"https:\/\/onodi.at\/index.php?rest_route=\/wp\/v2\/pages"}],"about":[{"href":"https:\/\/onodi.at\/index.php?rest_route=\/wp\/v2\/types\/page"}],"author":[{"embeddable":true,"href":"https:\/\/onodi.at\/index.php?rest_route=\/wp\/v2\/users\/1"}],"replies":[{"embeddable":true,"href":"https:\/\/onodi.at\/index.php?rest_route=%2Fwp%2Fv2%2Fcomments&post=147"}],"version-history":[{"count":0,"href":"https:\/\/onodi.at\/index.php?rest_route=\/wp\/v2\/pages\/147\/revisions"}],"wp:attachment":[{"href":"https:\/\/onodi.at\/index.php?rest_route=%2Fwp%2Fv2%2Fmedia&parent=147"}],"curies":[{"name":"wp","href":"https:\/\/api.w.org\/{rel}","templated":true}]}}